e the prime factors of 29145993?
3, 9715331
List the prime factors of 382779.
3, 14177
What are the prime factors of 2331589?
13, 43, 97
What are the prime factors of 2166785?
5, 433357
List the prime factors of 851404.
2, 212851
List the prime factors of 41292.
2, 3, 31, 37
What are the prime factors of 16244788?
2, 7, 61, 9511
What are the prime factors of 356112?
2, 3, 2473
List the prime factors of 2104518.
2, 3, 13, 26981
List the prime factors of 7232907.
3, 11, 149, 1471
List the prime factors of 8025560.
2, 5, 200639
What are the prime factors of 21094512?
2, 3, 653, 673
List the prime factors of 5259960.
2, 3, 5, 19, 769
What are the prime factors of 1163655?
3, 5, 19, 1361
List the prime factors of 572915.
5, 7, 16369
What are the prime factors of 2560585?
5, 37, 13841
List the prime factors of 4893894.
2, 3, 23, 11821
List the prime factors of 1808185.
5, 361637
List the prime factors of 980033.
17, 57649
List the prime factors of 315093.
3, 105031
What are the prime factors of 709614?
2, 3, 17, 773
List the prime factors of 3225753.
3, 358417
What are the prime factors of 5175345?
3, 5, 7, 23, 2143
List the prime factors of 2208906.
2, 3, 7, 47, 373
List the prime factors of 3630894.
2, 3, 17, 35597
List the prime factors of 17931175.
5, 17, 31, 1361
List the prime factors of 19619083.
11, 1783553
List the prime factors of 23587170.
2, 3, 5, 19, 41381
What are the prime factors of 354831?
3, 118277
What are the prime factors of 5313479?
337, 15767
List the prime factors of 1259951.
7, 11, 16363
What are the prime factors of 24259860?
2, 3, 5, 134777
What are the prime factors of 1450438?
2, 11, 65929
What are the prime factors of 251054?
2, 125527
List the prime factors of 1153754.
2, 7, 61, 193
List the prime factors of 7690394.
2, 29, 67, 1979
What are the prime factors of 1100627?
11, 100057
What are the prime factors of 579603?
3, 193201
What are the prime factors of 726779?
726779
List the prime factors of 3747276.
2, 3, 13, 17, 157
What are the prime factors of 161319?
3, 53773
What are the prime factors of 563817?
3, 163, 1153
List the prime factors of 2605500.
2, 3, 5, 193
What are the prime factors of 3519821?
3519821
What are the prime factors of 3838488?
2, 3, 159937
What are the prime factors of 192784?
2, 12049
List the prime factors of 1262694.
2, 3, 389, 541
List the prime factors of 24886937.
24886937
What are the prime factors of 2531449?
23, 110063
List the prime factors of 3274137.
3, 19, 41, 467
List the prime factors of 6314176.
2, 11, 8969
What are the prime factors of 19214222?
2, 79, 121609
List the prime factors of 8437180.
2, 5, 157, 2687
What are the prime factors of 3224709?
3, 358301
List the prime factors of 582011.
582011
List the prime factors of 192695.
5, 17, 2267
List the prime factors of 20680.
2, 5, 11, 47
What are the prime factors of 795907?
7, 37, 439
List the prime factors of 5987718.
2, 3, 11, 30241
What are the prime factors of 502919?
502919
What are the prime factors of 8423955?
3, 5, 131, 1429
What are the prime factors of 1549809?
3, 23, 7487
List the prime factors of 1221545.
5, 13, 18793
List the prime factors of 64603.
7, 11, 839
List the prime factors of 1025242.
2, 512621
List the prime factors of 1830916.
2, 19, 24091
List the prime factors of 213865.
5, 42773
What are the prime factors of 81265?
5, 16253
What are the prime factors of 10330552?
2, 1049, 1231
What are the prime factors of 142978?
2, 11, 67, 97
List the prime factors of 309026.
2, 17, 61, 149
List the prime factors of 8973816.
2, 3, 373909
List the prime factors of 9057919.
13, 696763
What are the prime factors of 8542349?
79, 108131
List the prime factors of 2832703.
23, 79, 1559
What are the prime factors of 5651910?
2, 3, 5, 11, 173
List the prime factors of 1373641.
31, 73, 607
List the prime factors of 6503545.
5, 1300709
List the prime factors of 3836009.
23, 166783
What are the prime factors of 18692288?
2, 97, 3011
What are the prime factors of 7903030?
2, 5, 23, 34361
List the prime factors of 53758.
2, 26879
List the prime factors of 2530504.
2, 37, 83, 103
List the prime factors of 76363.
7, 10909
What are the prime factors of 879971?
17, 37, 1399
What are the prime factors of 235780?
2, 5, 11789
List the prime factors of 4804634.
2, 2402317
List the prime factors of 231591.
3, 17, 19, 239
List the prime factors of 1136436.
2, 3, 7, 83, 163
List the prime factors of 927981.
3, 23, 4483
List the prime factors of 29034.
2, 3, 1613
List the prime factors of 1320725.
5, 7, 7547
List the prime factors of 1476265.
5, 7, 42179
What are the prime factors of 324760?
2, 5, 23, 353
What are the prime factors of 212822?
2, 106411
What are the prime factors of 9610761?
3, 631, 5077
What are the prime factors of 45953?
45953
List the prime factors of 1206220.
2, 5, 41, 1471
What are the prime factors of 6350767?
601, 10567
What are the prime factors of 412077?
3, 137359
What are the prime factors of 302012?
2, 75503
List the prime factors of 43240573.
43240573
List the prime factors of 147474.
2, 3, 2731
What are the prime factors of 699059?
699059
List the prime factors of 7291781.
7, 97, 10739
What are the prime factors of 1480276?
2, 7, 29, 1823
What are the prime factors of 31030354?
2, 15515177
What are the prime factors of 594505?
5, 118901
What are the prime factors of 440284?
2, 13, 8467
List the prime factors of 1022832.
2, 3, 7103
What are the prime factors of 175779?
3, 19531
What are the prime factors of 2518808?
2, 314851
What are the prime factors of 4981375?
5, 7, 5693
List the prime factors of 1680665.
5, 7, 31, 1549
List the prime factors of 90230.
2, 5, 7, 1289
List the prime factors of 2607091.
947, 2753
List the prime factors of 14314492.
2, 941, 3803
What are the prime factors of 34350041?
11, 3122731
What are the prime factors of 63287?
7, 9041
What are the prime factors of 12149808?
2, 3, 11, 23011
What are the prime factors of 425465?
5, 85093
What are the prime factors of 687099?
3, 7, 32719
What are the prime factors of 703675?
5, 7, 4021
List the prime factors of 1698227.
1698227
What are the prime factors of 10303220?
2, 5, 73, 7057
What are the prime factors of 247111?
61, 4051
List the prime factors of 1653955.
5, 330791
What are the prime factors of 860073?
3, 19, 79, 191
List the prime factors of 133307.
109, 1223
List the prime factors of 5054952.
2, 3, 7, 30089
What are the prime factors of 755407?
547, 1381
List the prime factors of 782451.
3, 86939
List the prime factors of 159715.
5, 17, 1879
What are the prime factors of 30454730?
2, 5, 911, 3343
List the prime factors of 1394042.
2, 13, 53617
What are the prime factors of 388896?
2, 3, 4051
List the prime factors of 12737388.
2, 3, 41, 25889
List the prime factors of 9751355.
5, 1950271
What are the prime factors of 3125711?
3125711
What are the prime factors of 108244?
2, 27061
What are the prime factors of 1262101?
1262101
What are the prime factors of 15789990?
2, 3, 5, 107, 4919
What are the prime factors of 5167201?
13, 17, 103, 227
What are the prime factors of 12112755?
3, 5, 17, 47501
List the prime factors of 548999.
11, 29, 1721
List the prime factors of 43258.
2, 43, 503
What are the prime factors of 689358?
2, 3, 19, 6047
List the prime factors of 27754063.
1151, 24113
List the prime factors of 2210709.
3, 736903
What are the prime factors of 6721882?
2, 3360941
List the prime factors of 13813305.
3, 5, 11, 83717
What are the prime factors of 7043448?
2, 3, 31, 9467
What are the prime factors of 4288022?
2, 2144011
List the prime factors of 886092.
2, 3, 41, 1801
List the prime factors of 283022.
2, 141511
List the prime factors of 17960513.
17960513
List the prime factors of 22871962.
2, 11435981
List the prime factors of 3525608.
2, 73, 6037
List the prime factors of 787115.
5, 7, 43, 523
List the prime factors of 734036.
2, 183509
List the prime factors of 68739.
3, 11, 2083
What are the prime factors of 11131065?
3, 5, 11, 113, 199
List the prime factors of 35324613.
3, 79, 16561
What are the prime factors of 1806663?
3, 602221
List the prime factors of 2440044.
2, 3, 17, 443
List the prime factors of 281105.
5, 11, 19, 269
What are the prime factors of 3338298?
2, 3, 191, 971
List the prime factors of 286226